 + -3bb1?
-3882
In base 5, what is -1111101321 + 3?
-1111101313
In base 9, what is -3355041 + 4?
-3355036
In base 16, what is 17 - 451cf?
-451b8
In base 6, what is 35 - 22123513?
-22123434
In base 8, what is -14 + 40244435?
40244421
In base 4, what is -13132 - 20302332?
-20322130
In base 11, what is 154 - -28826?
2897a
In base 13, what is -864c05 + -4?
-864c09
In base 11, what is -8595 - 40a?
-89a4
In base 2, what is 11010010110011 - 100001011?
11001110101000
In base 8, what is -22250411 + -340?
-22250751
In base 16, what is -cde69 + 298?
-cdbd1
In base 5, what is 1 + -412402340422?
-412402340421
In base 15, what is 298 + 10805e?
108307
In base 16, what is 4d4 + -4d93?
-48bf
In base 7, what is -324406241 + -6?
-324406250
In base 10, what is 253 + -1122324?
-1122071
In base 9, what is -26136 - 1825?
-28062
In base 11, what is 17 + 969a087?
969a0a3
In base 9, what is -8671000 + -16?
-8671016
In base 11, what is 24aa8 - -429?
25426
In base 11, what is 2 + 1304094?
1304096
In base 2, what is -11 + -1011101011110010010110011101?
-1011101011110010010110100000
In base 13, what is -19 - -7b53?
7b37
In base 3, what is 220101 + 12021011?
20011112
In base 9, what is -2385 - -642?
-1643
In base 13, what is 1453882 - 1?
1453881
In base 5, what is 12044024002 + -1?
12044024001
In base 7, what is 14064 - 645?
13116
In base 16, what is 0 + -89c9972?
-89c9972
In base 15, what is 41 + -8371?
-8330
In base 8, what is 4 + -434145475?
-434145471
In base 7, what is -3302535 + -15?
-3302553
In base 2, what is -10 - 1000111101001101011001?
-1000111101001101011011
In base 7, what is -50343 + 4161?
-43152
In base 10, what is 182519 + 129?
182648
In base 10, what is -256 + -61642?
-61898
In base 4, what is -330111212 + 10320?
-330100232
In base 7, what is -531 - 166000?
-166531
In base 4, what is 20010223320 + -210?
20010223110
In base 5, what is -2 - 212320311032?
-212320311034
In base 11, what is 1a922577 + 1?
1a922578
In base 9, what is -1810 + 37103?
35183
In base 13, what is 5 - a37439?
-a37434
In base 3, what is 11001201002 - -1011?
11001202020
In base 11, what is -2 - 154a855?
-154a857
In base 12, what is -1b - -2448b?
24470
In base 2, what is 1010 + -100101001101010001110?
-100101001101010000100
In base 2, what is -11011001000011000010001010011 + 0?
-11011001000011000010001010011
In base 5, what is 2202130 - -144?
2202324
In base 3, what is -2100112 - -11001000210?
10221200021
In base 10, what is 2 - 46524756?
-46524754
In base 15, what is -1a + -47e5d?
-47e78
In base 2, what is -110010001111100010010101 + 10?
-110010001111100010010011
In base 15, what is -3ce1 + -36?
-3d27
In base 2, what is 11101010111110000000011000001 + 101?
11101010111110000000011000110
In base 16, what is -2037 - 55f?
-2596
In base 14, what is -a9a - a4?
-b60
In base 2, what is -100001111 - 100110001110111?
-100110110000110
In base 11, what is 494a8 - -7a?
49577
In base 3, what is -1000111 + -10021202020?
-10022202201
In base 13, what is 2 + -29495a31?
-29495a2c
In base 3, what is -120120122202200 + 22?
-120120122202101
In base 4, what is -31 - 11220211013112?
-11220211013203
In base 14, what is -5 - -626bb30?
626bb29
In base 13, what is 1a36b1 - -73?
1a3754
In base 2, what is -11011000 + -10011110011001110?
-10011110110100110
In base 4, what is 201113122 + 1000133?
202113321
In base 3, what is -122210021001111021 - 0?
-122210021001111021
In base 4, what is 132 - -1110321311?
1110322103
In base 15, what is 1d616503 + -1?
1d616502
In base 6, what is -200525 - 13420?
-214345
In base 14, what is 2b58 - -503?
325b
In base 12, what is 4 - 9787121?
-9787119
In base 9, what is -4064 - 468?
-4543
In base 16, what is -c62 - 4b1?
-1113
In base 4, what is 1232110012332 - 3?
1232110012323
In base 12, what is -222 - a9173b?
-a91961
In base 3, what is 20222220201 + -10211?
20222202220
In base 6, what is -1 + 5225000424?
5225000423
In base 9, what is -5263 - 2858?
-8232
In base 14, what is -87c56c4 - 4?
-87c56c8
In base 3, what is 2121210021 + -22012?
2121111002
In base 3, what is -2011020100 + -2100221?
-2020121021
In base 7, what is 55050 - 1532?
53215
In base 15, what is ad6 - -414?
eea
In base 10, what is 28382591 - -3?
28382594
In base 11, what is -70a8163 - 44?
-70a81a7
In base 4, what is 11331 + -2023033020?
-2023021023
In base 5, what is 10041402 + 12?
10041414
In base 7, what is -33 + 115423562?
115423526
In base 6, what is 0 - -353010412?
353010412
In base 7, what is -60 + 12144550?
12144460
In base 11, what is -16414 + -36?
-1644a
In base 7, what is -1053 + 6366265?
6365212
In base 9, what is 37038256 - 5?
37038251
In base 2, what is 101010001 - -1010010100110001101?
1010010101011011110
In base 6, what is 1 + -13411115001?
-13411115000
In base 15, what is -3 + 22849e6?
22849e3
In base 8, what is 2455246 + -13?
2455233
In base 5, what is -42003 - 4432?
-101440
In base 5, what is -31 + -413004022?
-413004103
In base 8, what is 1132776 + 50?
1133046
In base 10, what is -277433118 - 4?
-277433122
In base 5, what is 3004 + -43013?
-40004
In base 10, what is -11 + 1557494?
1557483
In base 14, what is 25c362 - 75?
25c2cb
In base 8, what is -2273 + -103214?
-105507
In base 6, what is -10241541010 + -1?
-10241541011
In base 10, what is -2 - 2152564?
-2152566
In base 11, what is 342729 - 487?
342252
In base 12, what is -19625 - 1a9?
-19812
In base 5, what is -1002404432 + 2?
-1002404430
In base 13, what is 55cc91a - 4?
55cc916
In base 16, what is 5 + -43bc623?
-43bc61e
In base 5, what is 104 + 242344230?
242344334
In base 10, what is -1148 - -15658?
14510
In base 4, what is 312333022331 - -2?
312333022333
In base 5, what is 40 - 10213101403?
-10213101313
In base 11, what is 5 + -17720?
-17716
In base 12, what is -5a0 - -382a?
324a
In base 7, what is 4 - -3112104552?
3112104556
In base 8, what is 5 - 136552244?
-136552237
In base 15, what is 1 - 515ee9?
-515ee8
In base 14, what is 3 - 36388d2?
-36388cd
In base 14, what is a8449b3 + 2?
a8449b5
In base 7, what is 40523206 + 22?
40523231
In base 11, what is -410366 + -a?
-410375
In base 15, what is -6 - 272387?
-27238d
In base 14, what is 3207d + -5c?
32021
In base 13, what is 10b0b - 20a?
10901
In base 14, what is b11 + -13c17?
-13106
In base 9, what is 1438054 + -154?
1437800
In base 3, what is 1101022110212000 + 201?
1101022110212201
In base 12, what is 9584 - -a73?
a437
In base 16, what is -6676a - -6?
-66764
In base 14, what is 3 + 13d1949b?
13d194a0
In base 15, what is -1 + -36953?
-36954
In base 5, what is -20044030 - 40?
-20044120
In base 14, what is -45540 + -1d4?
-45734
In base 3, what is 120010201 - -100000?
120110201
In base 6, what is 14144315 - -11?
14144330
In base 15, what is 2 + -e2b7002?
-e2b7000
In base 9, what is -561360 + 147?
-561212
In base 5, what is 10232 + -3413332?
-3403100
In base 4, what is 2 - 1101000311332?
-1101000311330
In base 5, what is 2214 - -1402040?
1404304
In base 2, what is -11110011011110100001011010 + 100?
-11110011011110100001010110
In base 16, what is 10d - -3032ba?
3033c7
In base 11, what is -160427 + -6?
-160432
In base 10, what is 439 + 1395?
1834
In base 9, what is -846 + 50?
-786
In base 16, what is 48853 + -80?
487d3
In base 7, what is -10616601 - 36?
-10616640
In base 12, what is 302b7 + 362?
30659
In base 11, what is -1804879 + -3?
-1804881
In base 14, what is -24a8775 - 3?
-24a8778
In base 5, what is 324 + 100101140?
100102014
In base 11, what is 1757 - 46852?
-450a6
In base 15, what is dd - 9d665?
-9d577
In base 3, what is 102222 + -122201000010?
-122200120011
In base 15, what is ab0240 + 3?
ab0243
In base 4, what is -1222012 - -2213330?
331312
In base 7, what is 6500060652 - -4?
6500060656
In base 14, what is 56c - -10943?
110b1
In base 14, what is 1255 - -40498?
4170d
In base 6, what is 310 + 535152?
535502
In base 13, what is -40 - -9229?
91b9
In base 9, what is 41 - -122468?
122520
In base 15, what is -2821b9d6 + 4?
-2821b9d2
In base 11, what is 7638 - -796?
8323
In base 4, what is 2322310 + -111?
2322133
In base 3, what is 221121100020 - 1210220?
221112112100
In base 4, what is -230122203 - -103?
-230122100
In base 14, what is 51 - -18cb9?
18d2a
In base 13, what is -1515 - -48?
-149a
In base 4, what is -13230320033222 + 10?
-13230320033212
In base 3, what is 1211112120222221 + -2?
121111212022